 divided by (10/15)/(1/15)?
8
Let q be 4/((-8)/6) - 16. Let i = 3 - q. Calculate the remainder when 43 is divided by i.
21
Let h(d) = -d**3 - 5*d**2 - 5*d + 5. Suppose -82 = -4*u + 2*m, u + 7 = 2*u + 4*m. Suppose p + 3 = u. What is the remainder when h(-5) is divided by p?
14
Suppose 6 = l - x, 4*l - 2*x - 32 = -0*x. Calculate the remainder when 19 is divided by l.
9
Let b(m) = -m**3 + 6*m**2 + 6. Let h be b(6). Suppose -16 - 44 = -h*r. What is the remainder when r is divided by 3?
1
Calculate the remainder when 58/(-3)*(-3 - 15/(-10)) is divided by 15.
14
Suppose 3*b + 42 = 3*s - 2*b, -14 = -s - b. Calculate the remainder when 68 is divided by s.
12
Suppose 44 - 14 = 3*l. Let n be 1/(((-9)/3)/414). What is the remainder when n/(-8) + (-7)/28 is divided by l?
7
Let t = 65 + -45. Suppose -y - 2*s + 11 + t = 0, s + 46 = y. Calculate the remainder when y is divided by 124/9 - 4/(-18).
13
Suppose 2*u = 13 + 23. Let z = -36 - -24. Let f(t) = t**3 + 13*t**2 + 10*t + 11. Calculate the remainder when f(z) is divided by u.
17
Let u = 10 + 2. Let n = 72 - 39. What is the remainder when n is divided by u?
9
Let s(k) = k**3 - 2*k - 2. Let l be s(-2). Suppose 0*g = 4*g - 16. Calculate the remainder when g is divided by (-7 + 1)*3/l.
1
Suppose 43 = 4*a + 4*p - 33, 3*p + 81 = 3*a. Calculate the remainder when a is divided by 5.
3
Let y be (-10)/5*(-2)/4. Suppose -2*z - 2 = -3*g, 4*g - z = -0*g + y. Let i = 23 - g. Calculate the remainder when i is divided by 12.
11
Let d(i) be the first derivative of -7*i**2 + i - 4. Calculate the remainder when 29 is divided by d(-1).
14
Let f = -129 + 165. Calculate the remainder when f is divided by 18.
0
Let m be (-87)/(-15) + 2/10. Suppose k + 4 = 0, p - 3*k + m*k - 25 = 0. What is the remainder when p is divided by 13?
11
Suppose 4*p - 4 = 8. Calculate the remainder when 94 is divided by 96/20*(p + 2).
22
Let j(o) = 11*o + 2. Calculate the remainder when 24 is divided by j(1).
11
Suppose -2*i = 5*c + i + 19, 4*c = 3*i - 26. What is the remainder when (-236)/c - 1/5 is divided by 16?
15
What is the remainder when 1*(-1)/2*-38 is divided by 10?
9
Suppose 3*t = -3*y + 30, t - 20 = -3*y - 0. Suppose -69 = -t*d + 21. Suppose u + 97 = 4*u - 2*p, 4*u = -2*p + 148. What is the remainder when u is divided by d?
17
Suppose -18*x + 20*x - 10 = 0. Let o = 4 - 1. What is the remainder when x is divided by o?
2
Suppose 0*x - 159 = -3*x. What is the remainder when x is divided by 14?
11
Let c = 8 - 1. What is the remainder when 26 is divided by c?
5
Let c(q) = 28*q**2 - q + 1. Let j(i) = -i**3 + 11*i**2 - 11*i + 11. Let o be j(10). Calculate the remainder when c(o) is divided by 10.
8
Suppose 4*p - 6 = 2*p. What is the remainder when 10 is divided by p?
1
Let d = 18 + -8. Suppose -7*b - 27 = -d*b. Calculate the remainder when 26 is divided by b.
8
What is the remainder when 54 is divided by (-1)/(-3*(-1)/(-42))?
12
Suppose 4*x = 5*w + 349, -2*w + 256 = 16*x - 13*x. What is the remainder when x is divided by 24?
14
Suppose 106 = 5*o + 11. Calculate the remainder when 33 is divided by o.
14
Suppose -4*a = a - 35. Calculate the remainder when 19 is divided by a.
5
Suppose -2*v + v = -5. Suppose n - v = -3. Calculate the remainder when 41 is divided by (-1)/n*0 - -14.
13
Let p(m) = -m - 4. Let k be p(-16). Suppose -d - 2 = -k. What is the remainder when 29 is divided by d?
9
Suppose 6*r - 20 = -4*r. Calculate the remainder when r is divided by (-1 + (-14)/(-10))*5.
0
Let r(d) = 5*d**2 - 1. Let m = -9 + 7. What is the remainder when r(m) is divided by 10?
9
Suppose 2*y + 2*y - 4 = 0. What is the remainder when 4 is divided by y?
0
Calculate the remainder when 11 is divided by (14/5)/(2/5).
4
Let c = 0 - -3. Calculate the remainder when c is divided by 2.
1
Let z(c) be the first derivative of -c**4/4 + 2*c**3 - 5*c**2/2 + 2*c + 3. Let h(l) = -l + 5. What is the remainder when h(3) is divided by z(5)?
0
Let b be 1/(3/6 - 0). Let v = 5 + 20. What is the remainder when v is divided by (-11 + b)/3*-3?
7
Suppose 2*i - 6 = -0*i. Let v be i/(1 + -2 + 2). Suppose -v*o - 4 = -5*o. What is the remainder when 4 is divided by o?
0
Suppose 32 = 4*w - 60. Suppose z + 1 = -3. Let v = 4 - z. Calculate the remainder when w is divided by v.
7
Suppose 0 = -b + 6*b - 25. Suppose -5*w - 10 = b*f - 95, 5*w - 69 = 3*f. Let d(m) = m**3 + 6*m**2 + m. Calculate the remainder when d(-4) is divided by w.
13
Let d(u) be the second derivative of -u**5/20 - u**3/3 - u**2 + 3*u. What is the remainder when d(-2) is divided by 4?
2
Let q(s) = 9*s + 1. Let f be q(6). Suppose f + 5 = 2*o. Calculate the remainder when 58 is divided by o.
28
Let h be -1*(-2 - 15/3). Let s = h - 4. Suppose s*a - 40 = a. What is the remainder when 58 is divided by a?
18
Let v = -15 + 24. What is the remainder when 25 is divided by v?
7
Let t = -23 + 39. Suppose t = -x - 9. Let j = x - -71. What is the remainder when j is divided by 16?
14
Let s = -9 + 12. Suppose 0 = -r - 5, -r + 2*r = -2*y - 5. Suppose -j + 5*j - 32 = y. Calculate the remainder when j is divided by s.
2
Let x(u) = 2*u - 6. Let c be x(11). Suppose 3*h = -2*h - 4*i + 24, 3*h - c = -4*i. Let t = 22 + -15. What is the remainder when t is divided by h?
3
Let a(s) = -s**2 - 24*s + 8. What is the remainder when a(-17) is divided by 43?
41
Let m = 10 + 0. What is the remainder when 47 is divided by m?
7
Let p(u) = 7*u + 5. Let b be p(10). Suppose -3*g + 3*t + b = -30, 3*g - 107 = t. What is the remainder when g is divided by 19?
17
Suppose 20 = -2*j + 174. What is the remainder when j is divided by -2 - (-110)/((-5)/(-1))?
17
Let s(q) = -2*q**2 - q**3 - 6*q - q**2 - 2*q**2. What is the remainder when 23 is divided by s(-4)?
7
Let d = 27 + 29. What is the remainder when d is divided by 29?
27
Suppose 0 = -3*b - 3 - 3, 71 = 5*d + 2*b. What is the remainder when 38 is divided by d?
8
Let u(b) be the second derivative of 2/3*b**3 + 2*b**2 + 0 + 2*b. What is the remainder when u(7) is divided by 11?
10
Let m(s) be the second derivative of -s - 1/6*s**3 + 0 + 1/2*s**2 + 1/12*s**4. Calculate the remainder when m(4) is divided by 4.
1
Suppose 3*n - 2 = 7. Suppose -60 = -4*v + n*v. What is the remainder when v is divided by 21?
18
Suppose -6 = -2*c - 2. Calculate the remainder when c is divided by 2.
0
Suppose -10*m = -2*m - 352. What is the remainder when 174 is divided by m?
42
Let u = 16 - 7. Calculate the remainder when 2/(-9) + 182/u is divided by 1*(8 + -1 + 0).
6
Let s = 212 - 99. Let h = s - 65. Let j = -17 + h. What is the remainder when j is divided by 16?
15
Suppose -4*c - 284 = 3*r, r + 4*r - 4*c = -484. Calculate the remainder when (2/4)/((-4)/r) is divided by 5.
2
Suppose -5*u + 35 = 5*l, -3*u + 8*u = 20. Suppose 0 = -5*g - 2*t + l*t + 196, -4*g = -2*t - 152. What is the remainder when g is divided by 14?
12
Let s(g) = g**3 - 7*g**2 + 5*g + 6. Let x be s(6). Suppose x = 5*m - 2 - 48. Calculate the remainder when 17 is divided by m.
7
Let v be (-2)/8 + 1/4. Let k be v + -4*21/(-6). Suppose -6*w + k = -4*w. What is the remainder when 13 is divided by w?
6
Suppose -12*u + 4*u + 640 = 0. What is the remainder when u is divided by 27?
26
Let u(h) = 4*h + 5. What is the remainder when u(6) is divided by 14 - 2/(-4)*4?
13
Suppose -2*v = -b - 5*v, -5*b - 5*v + 30 = 0. Calculate the remainder when 53 is divided by b.
8
Let o = 3 - -3. Let s(i) = i. Let m(g) = 5*g - 1. Let x(d) = m(d) - 4*s(d). Calculate the remainder when x(o) is divided by 3.
2
Let i be (-2)/(-8) - 239/(-4). Suppose i = 2*l + 2*l. Let k = 27 - l. Calculate the remainder when 35 is divided by k.
11
Let p(m) = m**3 + m**2 - m + 2. Let c be p(-2). Suppose -v + 18 = -3*q, 2*v - 2*q - 2*q - 32 = c. What is the remainder when 35 is divided by v?
11
Suppose -3*t + 4 = -5. Suppose 3*q + t*l = 2*q - 60, -q - 4*l = 63. Let z = 86 + q. What is the remainder when z is divided by 12?
11
Let j(y) = -y**3 + 10*y**2 + 25*y + 13. Calculate the remainder when j(12) is divided by 15.
10
Let b = -41 + 64. What is the remainder when 53 is divided by -3 - 1 - -1*b?
15
Suppose -t - a = -5, -2*t + a + 3 + 1 = 0. Let x(j) = 4*j**2 + j - 2. Suppose 6*h - h = 5. What is the remainder when x(h) is divided by t?
0
Suppose f = -1 + 8. What is the remainder when f is divided by (-2)/8 + 51/12?
3
L